{"id":1513,"date":"2021-08-06T15:26:34","date_gmt":"2021-08-06T15:26:34","guid":{"rendered":"http:\/\/www.comandanteradio.com\/portal\/?page_id=1513"},"modified":"2024-06-17T19:30:42","modified_gmt":"2024-06-18T01:30:42","slug":"nosotros","status":"publish","type":"page","link":"https:\/\/www.elcomandanteradio.com\/portal\/nosotros\/","title":{"rendered":"Nosotros"},"content":{"rendered":"\n<hr class=\"wp-block-separator has-css-opacity\"\/>\n\n\n\n<p>El Comandante 101.3 fm Somos un medio de comunicaci\u00f3n radial que emite se\u00f1al en el municipio de Tacan\u00e1 San Marcos Guatemala, con cobertura en el occidente de Guatemala y el suroeste de M\u00e9xico.<\/p>\n\n\n\n<p><strong>Estaciones aliadas&nbsp;<\/strong><\/p>\n\n\n\n<p>El Comandante Cincinnati &amp; Pasi\u00f3n Sports Radio<\/p>\n\n\n\n<h2 class=\"wp-block-heading\">Eventos<\/h2>\n\n\n\n<p>Cubrimos eventos deportivos, sociales y culturales en Guatemala, M\u00e9xico y Estados Unidos.<\/p>\n\n\n\n<p><strong>\u00a1Gracias por tu preferencia!<\/strong><\/p>\n\n\n\n<p>Equipo. El Comandante 101.3 fm<\/p>\n","protected":false},"excerpt":{"rendered":"<p>El Comandante 101.3 fm Somos un medio de comunicaci\u00f3n radial que emite se\u00f1al en el municipio de Tacan\u00e1 San Marcos Guatemala, con cobertura en el occidente de Guatemala y el &#8230;<\/p>\n","protected":false},"author":1,"featured_media":0,"parent":0,"menu_order":0,"comment_status":"closed","ping_status":"closed","template":"","meta":[],"_links":{"self":[{"href":"https:\/\/www.elcomandanteradio.com\/portal\/wp-json\/wp\/v2\/pages\/1513"}],"collection":[{"href":"https:\/\/www.elcomandanteradio.com\/portal\/wp-json\/wp\/v2\/pages"}],"about":[{"href":"https:\/\/www.elcomandanteradio.com\/portal\/wp-json\/wp\/v2\/types\/page"}],"author":[{"embeddable":true,"href":"https:\/\/www.elcomandanteradio.com\/portal\/wp-json\/wp\/v2\/users\/1"}],"replies":[{"embeddable":true,"href":"https:\/\/www.elcomandanteradio.com\/portal\/wp-json\/wp\/v2\/comments?post=1513"}],"version-history":[{"count":7,"href":"https:\/\/www.elcomandanteradio.com\/portal\/wp-json\/wp\/v2\/pages\/1513\/revisions"}],"predecessor-version":[{"id":2142,"href":"https:\/\/www.elcomandanteradio.com\/portal\/wp-json\/wp\/v2\/pages\/1513\/revisions\/2142"}],"wp:attachment":[{"href":"https:\/\/www.elcomandanteradio.com\/portal\/wp-json\/wp\/v2\/media?parent=1513"}],"curies":[{"name":"wp","href":"https:\/\/api.w.org\/{rel}","templated":true}]}}

<hr class="wp-block-separator has-css-opacity"/>



<p>El Comandante 101.3 fm Somos un medio de comunicación radial que emite señal en el municipio de Tacaná San Marcos Guatemala, con cobertura en el occidente de Guatemala y el suroeste de México.</p>



<p><strong>Estaciones aliadas&nbsp;</strong></p>



<p>El Comandante Cincinnati &amp; Pasión Sports Radio</p>



<h2 class="wp-block-heading">Eventos</h2>



<p>Cubrimos eventos deportivos, sociales y culturales en Guatemala, México y Estados Unidos.</p>



<p><strong>¡Gracias por tu preferencia!</strong></p>



<p>Equipo. El Comandante 101.3 fm</p>

<p>El Comandante 101.3 fm Somos un medio de comunicación radial que emite señal en el municipio de Tacaná San Marcos Guatemala, con cobertura en el occidente de Guatemala y el &#8230;</p>
